e the greatest common divisor of 5 and s.
5
Let b(m) = m**2 - 37*m - 269. Let l be b(-7). Calculate the greatest common divisor of l and 1.
1
Let a = 28 + -105. Let d = -36 - a. What is the highest common factor of 123 and d?
41
Let a be ((-32)/12)/((-4)/(-6)) - -52. What is the highest common factor of 64 and a?
16
Suppose -2*r - 32 + 0 = 0. Let p be 4/r + 27/12. Suppose 0 = -5*l + 20. What is the highest common divisor of l and p?
2
Suppose f - 3*f = -4. Suppose -19*o = 22*o - 164. Calculate the highest common factor of f and o.
2
Let x = 140 - 137. What is the highest common factor of 3 and x?
3
Let b(s) = -12*s + 4. Let g be b(-3). Suppose r + g = -r. Let h = -15 - r. Calculate the greatest common divisor of 35 and h.
5
Suppose 2*n - 6*n = 272. Let u = n - -196. Calculate the greatest common divisor of 16 and u.
16
Let m(u) = -3*u - 31. Let z be m(-26). What is the highest common divisor of 1 and z?
1
Let r(k) = k**3 + 14*k**2 - 35*k - 45. Let i be r(-16). Let z(b) = 2*b**2 - b + 2. Let l be z(4). Calculate the greatest common factor of l and i.
3
Suppose 149 = -3*d + 161. Let j be 51 + (-12)/(-16)*d. What is the highest common factor of 18 and j?
18
Let w = 1040 + -1029. Calculate the greatest common divisor of 1551 and w.
11
Suppose -3*u + 5*g = -140, 15 = 2*u + 4*g - 49. Calculate the greatest common factor of 100 and u.
20
Let p = -566 + 572. What is the highest common factor of p and 3?
3
Suppose f - 77 = -35. Let j be (-63)/(-4)*4*4. Suppose 6*g - j = 2*g. Calculate the highest common divisor of f and g.
21
Let y be (-21 - -14)/(5/(-140)). What is the greatest common factor of 252 and y?
28
Let q(x) = 4*x + 639. Let o be q(-9). Calculate the greatest common factor of o and 134.
67
Suppose -398 = 6*t - 698. What is the highest common divisor of t and 110?
10
Let k = 2329 - 2301. Calculate the highest common divisor of 868 and k.
28
Suppose -243 + 23 = -11*t. Calculate the greatest common divisor of t and 630.
10
Let q = 531 + 499. Calculate the highest common factor of 10 and q.
10
Let y(l) = 22*l**2 - 146*l + 40. Let c be y(15). What is the greatest common divisor of 112 and c?
112
Let z = 10 - 4. Let j(i) = 3*i - 8. Let m be j(z). Let d be 209/7 + (-3)/(-21). Calculate the greatest common divisor of m and d.
10
Suppose -30 - 162 = -2*r. Let w(s) = s**2 + 5*s - 4. Let x be w(-9). What is the highest common factor of r and x?
32
Let x(v) = v**2 + 10*v + 21. Let s be x(-8). Let o(r) = r**2 + 9*r - 10. Let n be o(s). Calculate the greatest common divisor of n and 12.
12
Suppose 0 = -30*t + 45*t - 2520. What is the highest common factor of t and 96?
24
Suppose 13 = -3*h - 8. Let q(s) = -2*s**2 - 14*s + 6. Let w be q(h). What is the greatest common factor of w and 66?
6
Let o(r) = r**3 - 20*r**2 + 83*r + 33. Let d be o(14). Calculate the greatest common divisor of d and 475.
19
Suppose 11*s - 4*r - 1 = 10*s, 4*s - 2*r = 4. What is the highest common factor of 33 and s?
1
Let m(b) = -b**3 - 4*b**2 + 12*b + 36. Let c be m(-7). Suppose -c = -5*g + 2*g. What is the greatest common factor of g and 3?
3
Let d(x) = 24*x + 74. Let l be d(-3). What is the highest common divisor of 3 and l?
1
Let i = -1245 - -1765. Calculate the greatest common factor of 26 and i.
26
Suppose 2*h = 2*o + 4*h + 6, 4*h - 4 = 0. Let x(r) = -2*r**3 - r**2 + 8*r. Let u be x(o). Calculate the highest common factor of u and 40.
40
Let p be 6*-1*(-561)/34. Let k(n) = 4*n + 1. Let m be k(-6). Let t = m + 34. Calculate the greatest common factor of p and t.
11
Suppose 0 = 2*u - w - 96, 2*w - 6*w + 204 = 4*u. Let s be u/3 - (-3)/(-9). Let i = -14 + s. Calculate the greatest common divisor of 2 and i.
2
Let c = -190 - -200. Let l = -18 - -53. Let j be 2/(-10) + 182/l. What is the greatest common factor of c and j?
5
Suppose l - 101 = -4*j + 4*l, -l = -5. Suppose z - 122 = 139. Calculate the highest common divisor of j and z.
29
Let k be ((-1)/2)/(2/(-68)). Calculate the greatest common divisor of k and 272.
17
Suppose 0 = 20*p - 27*p + 2030. Suppose -58 = 3*h - 5*h. Calculate the greatest common factor of p and h.
29
Let x(o) = -2*o**2 - 73*o - 6. Let b be x(-29). Let f = -36 + 75. Calculate the greatest common divisor of f and b.
39
Let o(n) = n**2 - n. Let r(b) = 12*b**2 - 5*b + 112. Let s(m) = -5*o(m) + r(m). Let g be s(0). Calculate the greatest common divisor of 28 and g.
28
Let n = -11 - -56. Let i(f) = f**3 - 10*f**2 + 4*f + 9. Let j be i(9). Let m be j/n + 38/10. What is the greatest common divisor of m and 12?
3
Let f = 616 + -232. What is the highest common divisor of f and 48?
48
Suppose 3*k - 21 = -9. Let a(y) = -y**2 - 33*y - 84. Let r be a(-30). What is the highest common divisor of r and k?
2
Let v(i) = i**3 - 7*i**2 - 23*i - 6. Let d be v(10). Suppose 2*s - d = -3*x, -5*x - 4*s = -3*s - 116. Calculate the greatest common factor of 3 and x.
3
Let v be (-4)/22 - (-8 + (-30720)/165). Calculate the highest common factor of 2 and v.
2
Let b = 187 + 52. Suppose 11 = -3*z + b. Calculate the highest common factor of 19 and z.
19
Let u(o) = o**3 + 10*o**2 - 14*o + 2. Let q be u(-11). Let y be 1367/13 - 11/((-1144)/(-16)). Calculate the greatest common divisor of y and q.
35
Let f be -6*(-2)/(-84)*22*-7. What is the greatest common factor of 14 and f?
2
Let s = -163 + 251. Let m = -38 + s. Let v(x) = -6*x + 64. Let g be v(9). What is the greatest common divisor of g and m?
10
Suppose -4*l - 13 - 35 = 0. Let h be 0/(4*(-3)/l). Let n(j) = j**3 + j + 16. Let s be n(h). Calculate the greatest common factor of s and 112.
16
Let x(q) = 7*q**2 + q. Let n be x(-1). Let c be (-12)/(-18)*1071/n. What is the greatest common factor of 17 and c?
17
Let l = 1 + 4. Let y = -1 + l. Let m be 52 + -2*(3 - y). What is the highest common factor of 36 and m?
18
Let l = 139 + -44. Suppose 31*c - 5*c = 494. Calculate the greatest common divisor of l and c.
19
Suppose -14*b + 15*b - 4 = 0. Let k be 330/35 + b/7. What is the highest common factor of k and 5?
5
Suppose -h - 2*t = -2 - 2, 0 = -3*t. Suppose 334 = h*m - 2*w, w = 2*w - 3. What is the greatest common divisor of m and 34?
17
Let j be 7*(36/2)/1. What is the highest common divisor of j and 14?
14
Let w = 10 - -25. Let f = -18 + w. Let k = f + -12. Calculate the greatest common factor of 55 and k.
5
Let h = 6 - 5. Suppose 0 = 3*n - 19 - 35. Let l be n - h/(-2)*0. Calculate the greatest common divisor of l and 126.
18
Let b be 0/(-2 + 2 + -2). Suppose 2*d + 5*g - 20 = b, -6*g + 35 = 5*d - g. Calculate the greatest common divisor of 1 and d.
1
Suppose 1291 = 4*k - 257. Suppose -6*i - 117 = -k. What is the highest common divisor of 5 and i?
5
Let l be (1 + 10 - (-4)/(-8))*2. Let s be (6/l + -2)*(-112)/8. Calculate the greatest common factor of s and 60.
12
Let b = -739 - -1201. Suppose 7*i = -14*i + b. What is the highest common factor of i and 66?
22
Suppose 5*r - 3*o = 42, 4*r - o + 18 = 46. What is the greatest common divisor of 12 and r?
6
Let n(i) be the first derivative of -i**3/3 + 6*i**2 - 15*i + 14. Let s be n(7). Let v be (-5)/((-1)/12*1). Calculate the highest common factor of v and s.
20
Let v = 165 + -85. Suppose -a + 103 = -v. Suppose 0 = -3*g + 3*l + a, 9*l = -2*g + 4*l + 143. What is the greatest common factor of 8 and g?
8
Suppose 29 = 2*j + 3*c - 737, -2*c - 369 = -j. What is the highest common divisor of j and 29?
29
Let h = 148 - -102. What is the greatest common factor of h and 10?
10
Suppose -326*l = -322*l - 6272. What is the highest common divisor of 32 and l?
32
Suppose 0 = 4*y + 16, 3*n - 3*y - 236 - 88 = 0. What is the greatest common factor of n and 130?
26
Let s = 11 + 6. Let p = -7 + 30. Suppose -o - 6 = -p. What is the greatest common factor of o and s?
17
Let b = 307 + -164. Calculate the greatest common factor of 26 and b.
13
Suppose 0 = -15*k + 21*k - 1452. Let j be 3/(-3*5/(-110)). What is the highest common factor of j and k?
22
Suppose 16 = 3*v - 2*v. Suppose 6*n = 5*n + v. What is the greatest common factor of 24 and n?
8
Suppose 485 = 5*q - 5*s, -5*q - 2*s = 19 - 497. Suppose -4*c + 24 = -0*c. Calculate the highest common factor of c and q.
6
Let y = 26 + -18. Let h(i) = i**3 - 10*i**2 + 34*i - 128. Let j be h(8). Calculate the highest common divisor of y and j.
8
Let b be (-1)/2 - 165/(-6). Let i 